e highest common factor of 37 and c.
37
Let f(c) = c**3 - 2*c**2 - 6*c - 6. Let v be f(4). Let g be 1 - (15 + (1 - v)). Let t = -1 - g. Calculate the greatest common factor of t and 4.
4
Suppose 0 = 4*p + q + 9, 2*q + 23 = -3*p - 2*q. Let s be 4 - (4 - p) - -11. What is the greatest common factor of s and 5?
5
Let r = 70 + -29. Suppose 5*s = 84 + r. Suppose 3*n = 12 + 18. What is the highest common factor of s and n?
5
Let m be 1/(-3) - 26/(-6). Let a(u) = 50*u + 8. Let c be a(m). What is the highest common factor of c and 26?
26
Let h(f) = -2*f**2 + 8*f - 10. Let s be h(5). Let c be 4/(-2)*1 - s. Calculate the highest common divisor of c and 126.
18
Suppose 3*f - 88 = 2*y + 94, 4*y - 276 = -4*f. Suppose -34 = -t + f. Suppose 5*x - 147 - t = 0. What is the greatest common factor of 7 and x?
7
Let r = -17 - -26. Let h(z) = -5*z - 1. Let o be h(-1). Suppose 5*g = 3*p + p - 344, -328 = -o*p + g. Calculate the highest common factor of p and r.
9
Let o be (5/(-3))/(3/(-9)). Suppose -2*b + 3*v - 34 = -4*b, 5*b = -o*v + 75. Let d = 30 + -19. What is the greatest common divisor of d and b?
11
Suppose -59 = 3*t - 4*f, 4*f = -2*t + t + 7. Let k = 31 + t. Calculate the highest common factor of k and 180.
18
Let u = 2 - -10. Let g(v) be the third derivative of -v**4/6 - 8*v**3/3 + v**2. Let j be g(-10). Calculate the highest common factor of j and u.
12
Let l = 100 + 75. Calculate the highest common factor of l and 7.
7
Let s be 0 + (-3)/12*-12 - -28. Calculate the highest common divisor of s and 403.
31
Let v(t) = 14*t - 209. Let f be v(17). Calculate the highest common factor of 1 and f.
1
Suppose -c = -5*k + 887, -106 - 79 = -k + 4*c. What is the greatest common factor of 59 and k?
59
Suppose 0*c + c - 2 = 0. Suppose 201 = 5*k + 3*s, -2*s = c*k + 3*s - 69. What is the greatest common factor of k and 3?
3
Let v = 41 - -13. Suppose -6*q = -108 - v. Calculate the greatest common divisor of 27 and q.
27
Let q be 6*(-2 - 65/(-10)). Calculate the highest common factor of 108 and q.
27
Let n = -390 + 416. What is the greatest common factor of n and 26?
26
Let j = -205 + 265. What is the greatest common divisor of j and 80?
20
Suppose 4*j + 3 = -3*d, 0 = 3*j - 5*d - 22 - 12. Suppose -4*q + 30 = -j*c + 2*c, 2 = c. Calculate the greatest common divisor of q and 28.
4
Let t(h) = h**2 - 1. Let i be t(2). Suppose -u = -i*u. Let j be (u - (1 + 0))*-4. What is the greatest common factor of 12 and j?
4
Let x be (3 - 2)*(1961 + 3 + -8). Calculate the highest common factor of x and 12.
12
Suppose -9*s + 4*s = 2*d - 399, -s + 87 = -2*d. What is the greatest common factor of s and 9?
9
Let w(r) = 2*r**2 - 4*r - 2. Suppose k - x = 0, -28 = 2*k - 5*k - 4*x. Let u be w(k). What is the greatest common divisor of u and 49?
7
Let q = 252 + -244. Suppose 0 = 3*t - t + 5*o - 161, 0 = -3*t + o + 267. Calculate the highest common factor of t and q.
8
Let y = 199 - 163. What is the greatest common factor of y and 12?
12
Suppose 4*s - 295 + 55 = 0. Let f = 453 - 441. What is the greatest common factor of s and f?
12
Let t be 56/210*(-1 - -11)*6/4. Suppose -3*a = -0*a - 6. Suppose -5*x = -a - 3. What is the greatest common factor of x and t?
1
Suppose -10 - 72 = -t + 5*b, -4*t + 306 = 2*b. Calculate the highest common divisor of 55 and t.
11
Let q(z) = z**2 - 31*z - 61. Let h be q(33). Suppose -3*x + h*g + 1427 = -0*x, -2*x = -5*g - 943. What is the highest common factor of x and 44?
44
Suppose -2*u - 648 = -8*u. What is the greatest common divisor of 84 and u?
12
Suppose -2*s + 12 = 2. Let r(h) = h**2 + 6 + s*h + h**2 - h - h**2. Let m be r(-5). What is the greatest common factor of m and 55?
11
Let z(w) = -w**3 - 8*w**2 - 20*w - 17. Let r be z(-5). Suppose -x + 22 = -b - 70, x = -b + 84. What is the highest common factor of x and r?
8
Let l(o) = o**2 - 4*o. Let f be l(6). Let s(w) = -18*w. Let x be s(6). Let c = -12 - x. Calculate the greatest common factor of c and f.
12
Suppose c = 5 + 1. Suppose -105 = -j + 24. Let r be (j/3 - 3) + 2. Calculate the highest common divisor of c and r.
6
Suppose -4140 = -39*h - 53*h. Suppose -5*c - 10 = w, -5*w + 8*w - 3 = -4*c. Suppose 0 = w*s - 16 - 74. Calculate the highest common divisor of s and h.
9
Let t = -38 - -57. Calculate the greatest common divisor of 475 and t.
19
Suppose 2 = 4*s - 2*s, 2*s = 5*i - 1468. What is the highest common divisor of 6 and i?
6
Suppose -2*r + 2046 = 4*w, -7*w = -8*w - 4*r + 508. Calculate the greatest common divisor of w and 64.
64
Suppose -2*q + 3*m = -129, q + 20 = -3*m + 107. Calculate the greatest common factor of 128 and q.
8
Let q(j) = 23*j - 5. Let m = -54 - -57. Let t be q(m). Calculate the greatest common factor of 8 and t.
8
Let r = -25 + 13. Let m be ((-130)/4)/(r/24). What is the greatest common factor of 13 and m?
13
Let b be (-12)/(-2) - 2/1. Let w be ((-46)/8)/(b/(-112)). Let q = -19 + 42. Calculate the greatest common divisor of w and q.
23
Let u = 0 + 5. Suppose -7*q + q = -30. Suppose -q*v + 227 - 27 = 0. What is the highest common factor of u and v?
5
Suppose -6*l = -2*l - 128. Suppose -4*a = -s + 24, -2*s - a - 1 = -s. What is the greatest common factor of s and l?
4
Let w = 160 - 270. Let h = w + 130. Calculate the highest common divisor of 15 and h.
5
Let h = -1259 + 1291. What is the highest common factor of h and 24?
8
Let b be -2*20/(-5) + -4. Let y be (3 - 54/30)*(b + 1). Suppose 0 = -3*k + 4*k - 12. What is the highest common factor of k and y?
6
Suppose -b + 0*b + 3 = -3*j, 0 = -j. Suppose -468 = -3*k - b*k. Calculate the highest common factor of k and 26.
26
Let f(b) = b**2 - 5*b + 396. Let j be f(0). What is the greatest common divisor of 12 and j?
12
Suppose 0 = 3*a + x - 195 - 24, -279 = -4*a + 3*x. Let h = -60 + a. What is the greatest common factor of 108 and h?
12
Let f(m) be the first derivative of -6*m - 3 + 5/2*m**2 + 1/3*m**3. Let a be f(-7). What is the highest common divisor of a and 4?
4
Let z be (-12 - (-13 - -9)) + 407. What is the highest common factor of z and 42?
21
Suppose -4*u = 0, -5*x + 10*u + 205 = 15*u. Calculate the greatest common factor of 779 and x.
41
Let h(u) = -49*u - 30. Let a be h(-1). Let k be 2/4 - 530/(-4). Calculate the highest common divisor of k and a.
19
Let j(s) = 97*s**2 - 6*s + 6. Let f be j(3). What is the highest common divisor of f and 21?
21
Suppose -24 = 2*k - 20. Let u(p) = -p**3 + 2*p + 4. Let s be u(k). Calculate the highest common divisor of 72 and s.
8
Let b be 15/20 - (3 - 4845/20). What is the highest common divisor of b and 600?
120
Suppose -4*k + 1196 = -4*x, 0*k + x - 589 = -2*k. What is the highest common divisor of 4 and k?
4
Let g be (-26)/13 + 2 + 18. Suppose 11*y = 8*y + g. What is the highest common factor of y and 6?
6
Suppose 0 = 5*s - n - 5881, 11*s - 6*s - 5876 = -4*n. What is the greatest common factor of s and 49?
49
Let n be 3794 - (10 - 1) - -11. Calculate the greatest common divisor of n and 73.
73
Suppose -6*t + t = -2*k - 47, -5*t = 4*k - 41. Let i(h) = h**2 - 7*h - 42. Let d be i(12). What is the greatest common factor of t and d?
9
Suppose -5*c + 88 = -12. Let k = -13 + c. Let w = -136 + 143. What is the highest common divisor of w and k?
7
Suppose -3*v + 9 = -0. Suppose 3*w = -w - v*z + 71, 3*z = -3*w + 51. What is the highest common divisor of 50 and w?
10
Let p(r) = -r**3 - 38*r**2 - 2*r + 100. Let u be p(-38). Calculate the greatest common divisor of 220 and u.
44
Let s(n) be the third derivative of 0*n - 29/24*n**4 + 1/6*n**3 + 0 - 6*n**2. Let b be s(-1). Calculate the greatest common factor of 12 and b.
6
Let j(r) = -53*r - 7. Let b be j(-2). What is the greatest common factor of 693 and b?
99
Let c(k) = 2*k**3 - 4*k**2 - 5*k - 6. Let m be c(-3). Let j be (-6)/m*213 - 2/(-9). What is the greatest common divisor of j and 4?
4
Let g(u) be the second derivative of -1/3*u**3 + 0 - 1/20*u**5 - 4/3*u**4 - 11*u**2 + 6*u. Let h be g(-16). What is the greatest common factor of 10 and h?
10
Let t = 99 - 101. Let s be 4 - (872/1)/t. What is the greatest common divisor of 40 and s?
40
Suppose 5*n = 88 + 122. Suppose -3*h = -f + 59, -4*f + 0*f = 2*h - 222. What is the highest common divisor of n and f?
14
Suppose 2*z + 15 = 4*f + 3*z, -f - z = 0. Suppose -q + 30 + f = 0. What is the greatest common factor of 